{"id":34,"date":"2016-11-16T15:49:09","date_gmt":"2016-11-16T14:49:09","guid":{"rendered":"http:\/\/ff-farmsen.de\/?page_id=34"},"modified":"2017-10-23T13:41:54","modified_gmt":"2017-10-23T11:41:54","slug":"august-ernst-pokal","status":"publish","type":"page","link":"https:\/\/ff-farmsen.de\/?page_id=34","title":{"rendered":"August-Ernst-Pokal"},"content":{"rendered":"<p><img loading=\"lazy\" decoding=\"async\" class=\"aligncenter size-full wp-image-349\" src=\"http:\/\/ff-farmsen.de\/wp-content\/uploads\/2016\/11\/aep1.jpg\" alt=\"\" width=\"767\" height=\"346\" srcset=\"https:\/\/ff-farmsen.de\/wp-content\/uploads\/2016\/11\/aep1.jpg 767w, https:\/\/ff-farmsen.de\/wp-content\/uploads\/2016\/11\/aep1-300x135.jpg 300w\" sizes=\"auto, (max-width: 767px) 100vw, 767px\" \/><\/p>\n<p><i>Und j\u00e4hrlich gr\u00fcsst das Murmeltier<\/i>&#8230; An einem fr\u00fchen Samstagmorgen traf sich die Farmsener Jugendfeuerwehr, um (wie es mittlerweile Tradition ist) zum August-Ernst-Pokal nach S\u00fclldorf-Iserbrook zu fahren. Eine stillgelegte Kiesgrube sollte in diesem Jahr als Austragungsort f\u00fcr den Wettkampf der Hamburger Jugendfeuerwehren dienen. Die Vorfreude unter Jugendlichen und Betreuern war gross, obwohl dunkle Wolken am Himmel keine guten Bedingungen ank\u00fcndigten. So machten sich gegen 7:30 Uhr 13 Jugendliche und 3 Betreuer bei einsetzendem Regen auf den Weg in Hamburgs Westen.<\/p>\n<p><img loading=\"lazy\" decoding=\"async\" class=\" wp-image-350 alignleft\" src=\"http:\/\/ff-farmsen.de\/wp-content\/uploads\/2016\/11\/aep2.jpg\" alt=\"\" width=\"313\" height=\"209\" srcset=\"https:\/\/ff-farmsen.de\/wp-content\/uploads\/2016\/11\/aep2.jpg 448w, https:\/\/ff-farmsen.de\/wp-content\/uploads\/2016\/11\/aep2-300x200.jpg 300w\" sizes=\"auto, (max-width: 313px) 100vw, 313px\" \/>\u00a0<img loading=\"lazy\" decoding=\"async\" class=\" wp-image-351 alignright\" src=\"http:\/\/ff-farmsen.de\/wp-content\/uploads\/2016\/11\/aep3.jpg\" alt=\"\" width=\"314\" height=\"209\" srcset=\"https:\/\/ff-farmsen.de\/wp-content\/uploads\/2016\/11\/aep3.jpg 448w, https:\/\/ff-farmsen.de\/wp-content\/uploads\/2016\/11\/aep3-300x200.jpg 300w\" sizes=\"auto, (max-width: 314px) 100vw, 314px\" \/><\/p>\n<p>&nbsp;<\/p>\n<p>&nbsp;<\/p>\n<p>&nbsp;<\/p>\n<p>&nbsp;<\/p>\n<p>&nbsp;<\/p>\n<p>&nbsp;<\/p>\n<p>Die ersten Aufgaben mussten bei einem Wetter-Mix aus str\u00f6mendem Regen und Wind bew\u00e4ltigt werden. Ein L\u00f6schangriff wurde in aller Ruhe aufgebaut und anschlie\u00dfend auf Zeit wieder abgebaut&#8230; Fragen zu M\u00e4rchen und Badeunf\u00e4llen wurden beantwortet&#8230; und ein Schornsteinbrand musste theoretisch bek\u00e4mpft werden. Diese Aufgaben wurden anscheinend zur Zufriedenheit des Wettergottes gel\u00f6st, denn kurz darauf riss der Himmel auf und die Sonne kam heraus.<\/p>\n<p><img loading=\"lazy\" decoding=\"async\" class=\"wp-image-352 alignleft\" src=\"http:\/\/ff-farmsen.de\/wp-content\/uploads\/2016\/11\/aep4.jpg\" alt=\"\" width=\"303\" height=\"202\" srcset=\"https:\/\/ff-farmsen.de\/wp-content\/uploads\/2016\/11\/aep4.jpg 448w, https:\/\/ff-farmsen.de\/wp-content\/uploads\/2016\/11\/aep4-300x200.jpg 300w\" sizes=\"auto, (max-width: 303px) 100vw, 303px\" \/> <img loading=\"lazy\" decoding=\"async\" class=\"wp-image-353 alignright\" src=\"http:\/\/ff-farmsen.de\/wp-content\/uploads\/2016\/11\/aep5.jpg\" alt=\"\" width=\"304\" height=\"203\" srcset=\"https:\/\/ff-farmsen.de\/wp-content\/uploads\/2016\/11\/aep5.jpg 448w, https:\/\/ff-farmsen.de\/wp-content\/uploads\/2016\/11\/aep5-300x200.jpg 300w\" sizes=\"auto, (max-width: 304px) 100vw, 304px\" \/><\/p>\n<p>&nbsp;<\/p>\n<p>&nbsp;<\/p>\n<p>&nbsp;<\/p>\n<p>&nbsp;<\/p>\n<p>&nbsp;<\/p>\n<p>&nbsp;<\/p>\n<p>&nbsp;<\/p>\n<p>Das Wetter und die Stimmung wurden zunehmend besser. Nachdem ein L\u00f6schangriff vorgetragen wurde, galt es anschlie\u00dfend viele Geschicklichkeitsspiele zu meistern. &#8218;<i>Erbsen mit einem Hammer zerschlagen<\/i>&#8218; stand dabei genauso auf dem Programm wie &#8218;<i>Zuckerw\u00fcrfel-T\u00fcrme bauen<\/i>&#8218; oder &#8218;<i>Figuren mit Baukl\u00f6tzen nachbauen<\/i>&#8218;. Auch &#8218;<i>Tennisball-Laufen<\/i>&#8218; (ein Abk\u00f6mmling vom Eierlaufen) und ein &#8218;<i>Rollbrett mit vier Leinen navigieren<\/i>&#8218; sorgten f\u00fcr Heiterkeit.<\/p>\n<p><img loading=\"lazy\" decoding=\"async\" class=\"size-medium wp-image-355 alignleft\" src=\"http:\/\/ff-farmsen.de\/wp-content\/uploads\/2016\/11\/aep7-300x200.jpg\" alt=\"\" width=\"300\" height=\"200\" srcset=\"https:\/\/ff-farmsen.de\/wp-content\/uploads\/2016\/11\/aep7-300x200.jpg 300w, https:\/\/ff-farmsen.de\/wp-content\/uploads\/2016\/11\/aep7.jpg 448w\" sizes=\"auto, (max-width: 300px) 100vw, 300px\" \/><img loading=\"lazy\" decoding=\"async\" class=\"size-medium wp-image-354 alignright\" src=\"http:\/\/ff-farmsen.de\/wp-content\/uploads\/2016\/11\/aep6-300x200.jpg\" alt=\"\" width=\"300\" height=\"200\" srcset=\"https:\/\/ff-farmsen.de\/wp-content\/uploads\/2016\/11\/aep6-300x200.jpg 300w, https:\/\/ff-farmsen.de\/wp-content\/uploads\/2016\/11\/aep6.jpg 448w\" sizes=\"auto, (max-width: 300px) 100vw, 300px\" \/><\/p>\n<p>&nbsp;<\/p>\n<p>&nbsp;<\/p>\n<p>&nbsp;<\/p>\n<p>&nbsp;<\/p>\n<p>&nbsp;<\/p>\n<p>&nbsp;<\/p>\n<p align=\"justify\">Zum Abschluss durften aber Aufgaben wie &#8218;<i>Basketball<\/i>&#8218; oder der traditionelle &#8218;<i>Wasser-Parcours<\/i>&#8218; nicht fehlen. Der Tag endete mit einer warmen Suppe und geselligem Beisammensein. Auch wenn der z\u00e4hlbare Erfolg im n\u00e4chsten Jahr aufbauf\u00e4hig ist, war es ein sch\u00f6ner Tag und unsere junge Gruppe (Altersdurchschnitt: etwa 12 Jahre) hat die Aufgaben wirklich gut gemeistert&#8230; und lie\u00df immerhin 10 weitere Mannschaften hinter sich.<\/p>\n<p align=\"justify\"><b><i>Text &amp; Fotos:<\/i><\/b> S.Neumann<\/p>\n<hr \/>\n<p><a href=\"http:\/\/ff-farmsen.de\/?page_id=18\">Jugendfeuerwehr<\/a> |<a href=\"http:\/\/ff-farmsen.de\/?page_id=30\">Zusammenk\u00fcnfte<\/a> | <a href=\"http:\/\/ff-farmsen.de\/?page_id=32\">Nachtwanderung<\/a> | <a href=\"http:\/\/ff-farmsen.de\/?page_id=34\">August-Ernst-Pokal<\/a><\/p>\n","protected":false},"excerpt":{"rendered":"<p>Und j\u00e4hrlich gr\u00fcsst das Murmeltier&#8230; An einem fr\u00fchen Samstagmorgen traf sich die Farmsener Jugendfeuerwehr, um (wie es mittlerweile Tradition ist) zum August-Ernst-Pokal nach S\u00fclldorf-Iserbrook zu fahren. Eine stillgelegte Kiesgrube sollte in diesem Jahr als Austragungsort f\u00fcr den Wettkampf der Hamburger Jugendfeuerwehren dienen. Die Vorfreude unter Jugendlichen und Betreuern war gross, obwohl dunkle Wolken am Himmel keine guten Bedingungen ank\u00fcndigten. So<\/p>\n","protected":false},"author":1,"featured_media":0,"parent":18,"menu_order":0,"comment_status":"closed","ping_status":"closed","template":"","meta":{"footnotes":""},"class_list":["post-34","page","type-page","status-publish","hentry"],"_links":{"self":[{"href":"https:\/\/ff-farmsen.de\/index.php?rest_route=\/wp\/v2\/pages\/34","targetHints":{"allow":["GET"]}}],"collection":[{"href":"https:\/\/ff-farmsen.de\/index.php?rest_route=\/wp\/v2\/pages"}],"about":[{"href":"https:\/\/ff-farmsen.de\/index.php?rest_route=\/wp\/v2\/types\/page"}],"author":[{"embeddable":true,"href":"https:\/\/ff-farmsen.de\/index.php?rest_route=\/wp\/v2\/users\/1"}],"replies":[{"embeddable":true,"href":"https:\/\/ff-farmsen.de\/index.php?rest_route=%2Fwp%2Fv2%2Fcomments&post=34"}],"version-history":[{"count":4,"href":"https:\/\/ff-farmsen.de\/index.php?rest_route=\/wp\/v2\/pages\/34\/revisions"}],"predecessor-version":[{"id":357,"href":"https:\/\/ff-farmsen.de\/index.php?rest_route=\/wp\/v2\/pages\/34\/revisions\/357"}],"up":[{"embeddable":true,"href":"https:\/\/ff-farmsen.de\/index.php?rest_route=\/wp\/v2\/pages\/18"}],"wp:attachment":[{"href":"https:\/\/ff-farmsen.de\/index.php?rest_route=%2Fwp%2Fv2%2Fmedia&parent=34"}],"curies":[{"name":"wp","href":"https:\/\/api.w.org\/{rel}","templated":true}]}}