{"id":18,"date":"2016-11-16T15:46:35","date_gmt":"2016-11-16T14:46:35","guid":{"rendered":"http:\/\/ff-farmsen.de\/?page_id=18"},"modified":"2017-11-16T21:42:33","modified_gmt":"2017-11-16T20:42:33","slug":"jugendfeuerwehr","status":"publish","type":"page","link":"https:\/\/ff-farmsen.de\/?page_id=18","title":{"rendered":"Jugendfeuerwehr"},"content":{"rendered":"<p style=\"text-align: center;\"><div id=\"metaslider-id-128\" style=\"max-width: 700px;\" class=\"ml-slider-3-107-0 metaslider metaslider-flex metaslider-128 ml-slider has-dots-nav ms-theme-default\" role=\"region\" aria-label=\"JF-Start-Slider\" data-height=\"300\" data-width=\"700\">\n    <div id=\"metaslider_container_128\">\n        <div id=\"metaslider_128\">\n            <ul class='slides'>\n                <li style=\"display: block; width: 100%;\" class=\"slide-124 ms-image \" aria-roledescription=\"slide\" data-date=\"2016-12-07 20:36:06\" data-filename=\"helm-171x73.jpg\" data-slide-type=\"image\"><img loading=\"lazy\" decoding=\"async\" src=\"https:\/\/ff-farmsen.de\/wp-content\/uploads\/2016\/11\/helm-171x73.jpg\" height=\"300\" width=\"700\" alt=\"\" class=\"slider-128 slide-124 msDefaultImage\" \/><\/li>\n                <li style=\"display: none; width: 100%;\" class=\"slide-123 ms-image \" aria-roledescription=\"slide\" data-date=\"2016-12-07 20:36:06\" data-filename=\"aep2009_15-640x274.jpg\" data-slide-type=\"image\"><img loading=\"lazy\" decoding=\"async\" src=\"https:\/\/ff-farmsen.de\/wp-content\/uploads\/2016\/11\/aep2009_15-640x274.jpg\" height=\"300\" width=\"700\" alt=\"\" class=\"slider-128 slide-123 msDefaultImage\" \/><\/li>\n                <li style=\"display: none; width: 100%;\" class=\"slide-122 ms-image \" aria-roledescription=\"slide\" data-date=\"2016-12-07 20:36:05\" data-filename=\"aep2009_09-640x274.jpg\" data-slide-type=\"image\"><img loading=\"lazy\" decoding=\"async\" src=\"https:\/\/ff-farmsen.de\/wp-content\/uploads\/2016\/11\/aep2009_09-640x274.jpg\" height=\"300\" width=\"700\" alt=\"\" class=\"slider-128 slide-122 msDefaultImage\" \/><\/li>\n                <li style=\"display: none; width: 100%;\" class=\"slide-121 ms-image \" aria-roledescription=\"slide\" data-date=\"2016-12-07 20:36:04\" data-filename=\"20111101_01-600x257.jpg\" data-slide-type=\"image\"><img loading=\"lazy\" decoding=\"async\" src=\"https:\/\/ff-farmsen.de\/wp-content\/uploads\/2016\/11\/20111101_01-600x257.jpg\" height=\"300\" width=\"700\" alt=\"\" class=\"slider-128 slide-121 msDefaultImage\" \/><\/li>\n            <\/ul>\n        <\/div>\n        \n    <\/div>\n<\/div>\n<p>&nbsp;<\/p>\n<p>&#8230;mehr als nur ein &#8222;Hobby&#8220;&#8230;<\/p>\n<p><strong>Wer sind wir?<\/strong> Wir sind 20 Jugendliche, M\u00e4dchen wie Jungen, im Alter von 10 bis 17 Jahren, die sich ein etwas anderes Hobby, n\u00e4mlich die Feuerwehr &#8211; mit ihren vielseitigen Aufgaben &#8211; als Freizeitbesch\u00e4ftigung ausgesucht haben.<\/p>\n<p><strong>Was machen wir?<\/strong>\u00a0Bei unseren Zusammenk\u00fcnften besch\u00e4ftigen wir uns mit Brandschutz, Technischer Hilfeleistung und Sanit\u00e4tsunterricht. Dieser Unterricht ist nicht nur \u201etrockene\u201c Theorie, sondern auch hautnahe Praxis bei unseren \u00dcbungen. So bekommen wir die Grunds\u00e4tze von L\u00f6schangriffen beigebracht und setzen diese dann in den Sommermonaten bei gutem Wetter in die Praxis um. Hierbei bleiben wir und unsere Schutzanz\u00fcge nicht immer trocken. Aber wer denkt, dass L\u00f6schen die einzige Aufgabe der Feuerwehr ist, der irrt sich gewaltig&#8230;<\/p>\n<p>Auch die Technische Hilfeleistung spielt bei der Feuerwehr eine gro\u00dfe Rolle. In diesem Fall d\u00fcrfen wir in der Jugenfeuerwehr einen gro\u00dfen Teil selber in die Praxis umsetzen. Hier lernen wir unter anderem den Umgang mit Greifzug und Hebekissen. Ein kleineren Teil bekommen wir leider nur theoretisch beigebracht, da diese Aufgaben f\u00fcr uns noch zu gef\u00e4hrlich sind, wie zum Beispiel der Umgang mit der Motors\u00e4ge. Wenn in den Wintermonaten nicht so gutes Wetter f\u00fcr \u00dcbungen ist, widmen wir uns haupts\u00e4chlich dem Sanit\u00e4tsdienst zu. Hier wird die Versorgung von Verletzungen, Erkrankungen und deren Lagerung gelernt. Damit die Abwechslung in den kalten Monaten bleibt beschr\u00e4nken wir uns aber nicht nur auf die Erste Hilfe, sondern dann stehen Themen wie Gefahrenstoffe, Funken, Unfallverh\u00fctungsvorschriften und Fahrzeugkunde auf unserem Zusammenkunftsplan.<\/p>\n<p>Um unser Wissen mit den anderen Hamburger Jugendfeuerwehren zu messen, fahren wir auf Wettk\u00e4mpfe, wie den August-Ernst-Pokal, der einmal im Jahr in Hamburg unter den Hamburger Jugendfeuerwehren ausgetragen wird. Aber auch hier ist nicht nur alles ernst, denn auch der Spa\u00df soll nicht zu kurz kommen. Schau doch mal auf unsere Seite vom letzten August-Ernst-Pokal.\u00a0In einigen Sommerferien fahren wir zusammen aufs Zeltlager, wo auch der Spa\u00df nie zu kurz kommt. Auch gegenseitige Besuche mit unser Patenjugendfeuerwehr aus Annweiler am Trifels sind immer wieder super-interessant und bringen allen Beteiligten eine Menge Freude.<\/p>\n<hr \/>\n<p><a href=\"http:\/\/ff-farmsen.de\/?page_id=18\">Jugendfeuerwehr<\/a> |<a href=\"http:\/\/ff-farmsen.de\/?page_id=30\">Zusammenk\u00fcnfte<\/a> | <a href=\"http:\/\/ff-farmsen.de\/?page_id=32\">Nachtwanderung<\/a> | <a href=\"http:\/\/ff-farmsen.de\/?page_id=34\">August-Ernst-Pokal<\/a><\/p>\n","protected":false},"excerpt":{"rendered":"<p>&nbsp; &#8230;mehr als nur ein &#8222;Hobby&#8220;&#8230; Wer sind wir? Wir sind 20 Jugendliche, M\u00e4dchen wie Jungen, im Alter von 10 bis 17 Jahren, die sich ein etwas anderes Hobby, n\u00e4mlich die Feuerwehr &#8211; mit ihren vielseitigen Aufgaben &#8211; als Freizeitbesch\u00e4ftigung ausgesucht haben. Was machen wir?\u00a0Bei unseren Zusammenk\u00fcnften besch\u00e4ftigen wir uns mit Brandschutz, Technischer Hilfeleistung und Sanit\u00e4tsunterricht. Dieser Unterricht ist nicht<\/p>\n","protected":false},"author":1,"featured_media":0,"parent":0,"menu_order":0,"comment_status":"closed","ping_status":"closed","template":"","meta":{"footnotes":""},"class_list":["post-18","page","type-page","status-publish","hentry"],"_links":{"self":[{"href":"https:\/\/ff-farmsen.de\/index.php?rest_route=\/wp\/v2\/pages\/18","targetHints":{"allow":["GET"]}}],"collection":[{"href":"https:\/\/ff-farmsen.de\/index.php?rest_route=\/wp\/v2\/pages"}],"about":[{"href":"https:\/\/ff-farmsen.de\/index.php?rest_route=\/wp\/v2\/types\/page"}],"author":[{"embeddable":true,"href":"https:\/\/ff-farmsen.de\/index.php?rest_route=\/wp\/v2\/users\/1"}],"replies":[{"embeddable":true,"href":"https:\/\/ff-farmsen.de\/index.php?rest_route=%2Fwp%2Fv2%2Fcomments&post=18"}],"version-history":[{"count":7,"href":"https:\/\/ff-farmsen.de\/index.php?rest_route=\/wp\/v2\/pages\/18\/revisions"}],"predecessor-version":[{"id":489,"href":"https:\/\/ff-farmsen.de\/index.php?rest_route=\/wp\/v2\/pages\/18\/revisions\/489"}],"wp:attachment":[{"href":"https:\/\/ff-farmsen.de\/index.php?rest_route=%2Fwp%2Fv2%2Fmedia&parent=18"}],"curies":[{"name":"wp","href":"https:\/\/api.w.org\/{rel}","templated":true}]}}